factor of 84 and 60.
12
What is the greatest common divisor of 437 and 152?
19
Calculate the greatest common factor of 104 and 3874.
26
What is the greatest common divisor of 24 and 600?
24
What is the greatest common factor of 11 and 13?
1
What is the highest common factor of 3654 and 147?
21
What is the highest common factor of 1960 and 160?
40
Calculate the highest common divisor of 32 and 52.
4
Calculate the highest common divisor of 668 and 2505.
167
Calculate the greatest common factor of 66 and 3102.
66
What is the highest common divisor of 49 and 119?
7
Calculate the highest common factor of 162 and 18.
18
Calculate the highest common factor of 1250 and 90.
10
What is the greatest common factor of 1106 and 2528?
158
Calculate the highest common divisor of 427 and 2989.
427
Calculate the greatest common divisor of 6 and 9606.
6
Calculate the highest common divisor of 116 and 6.
2
What is the highest common divisor of 708 and 7611?
177
What is the greatest common divisor of 19514 and 44?
22
Calculate the greatest common divisor of 30 and 1350.
30
What is the greatest common divisor of 44 and 429?
11
Calculate the highest common divisor of 294 and 1274.
98
Calculate the highest common factor of 69 and 54.
3
Calculate the highest common divisor of 66 and 11.
11
What is the greatest common divisor of 16 and 1864?
8
What is the greatest common factor of 22 and 319?
11
What is the greatest common factor of 1921 and 34?
17
Calculate the greatest common factor of 32517 and 9.
9
What is the greatest common factor of 1978 and 92?
46
What is the highest common divisor of 60 and 18?
6
Calculate the greatest common divisor of 90 and 1680.
30
Calculate the greatest common divisor of 285 and 380.
95
What is the highest common divisor of 128 and 400?
16
What is the highest common factor of 2 and 277?
1
Calculate the greatest common factor of 72 and 384.
24
What is the highest common divisor of 67 and 1?
1
Calculate the greatest common divisor of 741 and 5130.
57
Calculate the greatest common factor of 9453 and 69.
69
Calculate the greatest common factor of 46 and 38548.
46
What is the highest common divisor of 125 and 950?
25
What is the greatest common factor of 1696 and 795?
53
What is the highest common factor of 24824 and 32?
8
Calculate the greatest common factor of 1377 and 102.
51
Calculate the highest common factor of 140 and 10.
10
What is the highest common factor of 1242 and 3174?
138
What is the highest common divisor of 27284 and 76?
76
What is the greatest common divisor of 3927 and 867?
51
What is the greatest common divisor of 90 and 126?
18
What is the highest common factor of 984 and 369?
123
Calculate the highest common divisor of 540 and 48.
12
Calculate the greatest common factor of 51550 and 50.
50
Calculate the highest common divisor of 318 and 10.
2
Calculate the greatest common divisor of 75 and 2500.
25
Calculate the greatest common factor of 26 and 1807.
13
What is the greatest common factor of 1 and 631?
1
What is the greatest common factor of 426 and 16827?
213
Calculate the greatest common divisor of 40 and 1600.
40
What is the greatest common factor of 2864 and 16?
16
Calculate the highest common factor of 238 and 42.
14
What is the highest common divisor of 935 and 85?
85
What is the greatest common divisor of 14 and 56?
14
What is the greatest common factor of 3585 and 15?
15
Calculate the highest common divisor of 60 and 220.
20
Calculate the highest common factor of 273 and 117.
39
What is the greatest common divisor of 16425 and 75?
75
What is the greatest common divisor of 162 and 6?
6
What is the highest common factor of 12 and 1156?
4
What is the greatest common divisor of 90 and 4410?
90
What is the highest common divisor of 52 and 16146?
26
What is the highest common divisor of 3509 and 29?
29
What is the greatest common factor of 39 and 26?
13
Calculate the highest common factor of 7 and 4109.
7
Calculate the highest common divisor of 885 and 15.
15
What is the highest common divisor of 1070 and 20?
10
Calculate the highest common factor of 285 and 1545.
15
Calculate the greatest common factor of 140 and 1015.
35
What is the highest common factor of 105 and 560?
35
Calculate the greatest common factor of 24 and 2316.
12
What is the highest common divisor of 649 and 118?
59
What is the greatest common factor of 110 and 1485?
55
Calculate the highest common factor of 6 and 7.
1
Calculate the highest common divisor of 392 and 49.
49
Calculate the highest common factor of 69 and 6.
3
Calculate the greatest common divisor of 860 and 20.
20
What is the highest common divisor of 6 and 690?
6
What is the highest common divisor of 253 and 73623?
253
What is the greatest common factor of 560 and 245?
35
Calculate the greatest common divisor of 25 and 10.
5
What is the greatest common factor of 21 and 455?
7
What is the highest common factor of 324 and 81?
81
Calculate the greatest common factor of 689 and 53.
53
Calculate the greatest common factor of 92 and 4.
4
What is the highest common divisor of 20 and 4540?
20
Calculate the highest common divisor of 207 and 276.
69
Calculate the greatest common divisor of 60476 and 52.
52
Calculate the highest common divisor of 42324 and 36.
12
Calculate the highest common factor of 22 and 2750.
22
Calculate the highest common divisor of 34 and 544.
34
What is the greatest common factor of 492 and 12?
12
What is the highest common divisor of 108 and 4986?
18
Calculate the greatest common divisor of 79 and 10033.
79
What is the highest common factor of 16 and 4?
4
Calculate the highest common factor of 22200 and 74.
74
What is the greatest common divisor of 23643 and 426?
213
What is the greatest common divisor of 22327 and 581?
83
What is the highest common divisor of 28 and 1016?
4
Calculate the greatest common factor of 40 and 2230.
10
What is the highest common divisor of 876 and 2409?
219
Calculate the greatest common factor of 36 and 32.
4
What is the highest common divisor of 1751 and 824?
103
What is the highest common factor of 3512 and 184?
8
Calculate the highest common divisor of 418 and 110.
22
What is the highest common factor of 22 and 143?
11
Calculate the greatest common divisor of 2611 and 28.
7
Calculate the greatest common factor of 78 and 44.
2
What is the highest common divisor of 336 and 40208?
112
Calculate the greatest common divisor of 200 and 17550.
50
What is the highest common factor of 320 and 5?
5
Calculate the greatest common factor of 11724 and 12.
12
What is the greatest common factor of 168 and 483?
21
Calculate the highest common factor of 8383 and 249.
83
What is the highest common divisor of 112 and 70?
14
Calculate the highest common factor of 13 and 299.
13
What is the highest common divisor of 184 and 3128?
184
What is the highest common divisor of 369 and 81?
9
What is the highest common factor of 162 and 9?
9
What is the highest common factor of 8 and 328?
8
What is the greatest common factor of 416 and 481?
13
What is the greatest common factor of 3479 and 49?
49
Calculate the greatest common factor of 33 and 18.
3
What is the highest common factor of 16 and 1424?
16
Calculate the highest common divisor of 451 and 82.
41
Calculate the greatest common divisor of 89 and 1513.
89
Calculate the greatest common factor of 329 and 1379.
7
Calculate the highest common divisor of 148 and 64898.
74
Calculate the greatest common divisor of 624 and 572.
52
What is the highest common divisor of 1269 and 117?
9
Calculate the greatest common divisor of 1503 and 27.
9
Calculate the greatest common divisor of 118 and 4130.
118
Calculate the highest common divisor of 66 and 2310.
66
Calculate the highest common factor of 13057 and 11.
11
Calculate the greatest common factor of 140 and 28.
28
What is the greatest common factor of 116 and 754?
58
What is the highest common factor of 66 and 96?
6
Calculate the highest common divisor of 27018 and 19.
19
Calculate the greatest common factor of 76 and 12.
4
What is the highest common factor of 322 and 46?
46
Calculate the highest common factor of 19886 and 1304.
326
Calculate the greatest common divisor of 18 and 91260.
18
Calculate the greatest common divisor of 1248 and 1716.
156
Calculate the greatest com